 the prime factors of 163923235?
5, 7, 4683521
List the prime factors of 3068346382.
2, 2297, 667903
List the prime factors of 2503648544.
2, 19, 4117843
What are the prime factors of 374351818?
2, 23, 8138083
What are the prime factors of 951137933?
951137933
List the prime factors of 197102178.
2, 3, 7, 13, 120331
What are the prime factors of 68317517?
983, 69499
List the prime factors of 2099393736.
2, 3, 11, 7952249
List the prime factors of 1345777425.
3, 5, 31, 61, 3163
What are the prime factors of 2202946692?
2, 3, 183578891
What are the prime factors of 36193984?
2, 61, 73, 127
What are the prime factors of 226594434?
2, 3, 11, 43, 79843
List the prime factors of 2048588245.
5, 11, 1931, 19289
What are the prime factors of 160553159?
13, 61, 293, 691
What are the prime factors of 21497591?
937, 22943
What are the prime factors of 10199532?
2, 3, 7, 29, 53, 79
List the prime factors of 4894469557.
37, 132282961
What are the prime factors of 172390022?
2, 7, 12313573
List the prime factors of 1559495954.
2, 101, 229, 33713
What are the prime factors of 1515573526?
2, 71, 83, 128591
What are the prime factors of 21933236?
2, 13, 463, 911
List the prime factors of 94610483.
11, 47, 182999
What are the prime factors of 226384064?
2, 1511, 2341
What are the prime factors of 18999246?
2, 3, 7, 452363
What are the prime factors of 39476084?
2, 601, 16421
List the prime factors of 69347558.
2, 7, 31, 159787
List the prime factors of 333297012.
2, 3, 19, 131, 11159
List the prime factors of 2225233563.
3, 7, 105963503
List the prime factors of 17805685.
5, 41, 86857
What are the prime factors of 460113445?
5, 11, 8365699
List the prime factors of 142599080.
2, 5, 13, 23, 11923
List the prime factors of 2768302.
2, 61, 22691
What are the prime factors of 2509483389?
3, 7, 137, 872257
List the prime factors of 8375290249.
179, 46789331
List the prime factors of 562865626.
2, 5147, 54679
What are the prime factors of 120670390?
2, 5, 2633, 4583
What are the prime factors of 44554596?
2, 3, 541, 6863
List the prime factors of 188169683.
13, 281, 51511
List the prime factors of 426320389.
11, 3523309
List the prime factors of 52988048.
2, 17, 194809
What are the prime factors of 28779819?
3, 9593273
What are the prime factors of 42681496?
2, 11, 13, 37309
List the prime factors of 53677237.
53677237
What are the prime factors of 47989019?
13, 643, 5741
What are the prime factors of 3466291921?
8423, 411527
List the prime factors of 3461225094.
2, 3, 2237, 9551
What are the prime factors of 414034255?
5, 37, 2238023
What are the prime factors of 98904835?
5, 197, 100411
List the prime factors of 31645364.
2, 17, 465373
List the prime factors of 387578845.
5, 77515769
List the prime factors of 2565218.
2, 107, 11987
What are the prime factors of 57843915?
3, 5, 3856261
List the prime factors of 238315918.
2, 67, 1778477
What are the prime factors of 21811102?
2, 17, 47, 13649
What are the prime factors of 13112098?
2, 6556049
List the prime factors of 125457497.
11, 71, 160637
List the prime factors of 6673300817.
6673300817
What are the prime factors of 125588825?
5, 5023553
List the prime factors of 1000600458.
2, 3, 11, 13, 19, 61379
List the prime factors of 2286086443.
29, 43, 1833269
List the prime factors of 166362491.
263, 632557
What are the prime factors of 82037934?
2, 3, 11, 19, 2423
List the prime factors of 58545806.
2, 11, 67, 39719
List the prime factors of 114160494.
2, 3, 7, 388301
List the prime factors of 213170058.
2, 3, 673, 17597
What are the prime factors of 387033655?
5, 77406731
List the prime factors of 157496629.
1129, 139501
What are the prime factors of 21107434?
2, 10553717
List the prime factors of 13787813.
13, 101, 10501
What are the prime factors of 358157171?
251, 577, 2473
List the prime factors of 93464698.
2, 4481, 10429
What are the prime factors of 37143527?
67, 89, 6229
What are the prime factors of 31338429?
3, 17, 19, 32341
What are the prime factors of 97052350?
2, 5, 1163, 1669
List the prime factors of 75487919.
13, 43, 83, 1627
What are the prime factors of 3093454847?
7, 19, 613, 1997
What are the prime factors of 56544850?
2, 5, 101, 11197
List the prime factors of 5169406.
2, 11, 19, 83, 149
What are the prime factors of 58796603?
293, 200671
What are the prime factors of 72606690?
2, 3, 5, 13, 62057
What are the prime factors of 11889273?
3, 11, 17, 21193
List the prime factors of 112885896.
2, 3, 4703579
What are the prime factors of 2515028868?
2, 3, 11, 103, 197, 313
List the prime factors of 237933707.
11, 21630337
List the prime factors of 802807505.
5, 197, 815033
What are the prime factors of 155016771?
3, 7, 13, 31, 1409
List the prime factors of 4255638110.
2, 5, 425563811
List the prime factors of 278276086.
2, 11, 557, 22709
List the prime factors of 12298701.
3, 17, 239, 1009
What are the prime factors of 1119037670?
2, 5, 111903767
List the prime factors of 477511093.
6733, 70921
What are the prime factors of 57093073?
421, 135613
List the prime factors of 617234553.
3, 13, 1758503
What are the prime factors of 69486698?
2, 1153, 30133
What are the prime factors of 207186?
2, 3, 7, 4933
What are the prime factors of 176178075?
3, 5, 2349041
List the prime factors of 11954729.
11954729
What are the prime factors of 511338892?
2, 127834723
List the prime factors of 111367155.
3, 5, 97, 76541
List the prime factors of 499715633.
421, 1186973
What are the prime factors of 206738534?
2, 103369267
What are the prime factors of 869146420?
2, 5, 17, 331, 7723
What are the prime factors of 24473667?
3, 1511, 5399
List the prime factors of 151131780.
2, 3, 5, 839621
What are the prime factors of 588760708?
2, 9833, 14969
List the prime factors of 22096417.
7, 41, 76991
What are the prime factors of 1470443023?
7, 83, 1181, 2143
What are the prime factors of 1002212642?
2, 501106321
What are the prime factors of 45406477?
45406477
What are the prime factors of 545610246?
2, 3, 251, 362291
List the prime factors of 1624510940.
2, 5, 13, 6248119
What are the prime factors of 825695171?
7, 117956453
List the prime factors of 994573134.
2, 3, 17, 397, 2729
What are the prime factors of 44280037?
23, 1925219
What are the prime factors of 110704018?
2, 41, 1350049
What are the prime factors of 2309429326?
2, 29, 39817747
What are the prime factors of 128499028?
2, 7, 1667, 2753
What are the prime factors of 1753521140?
2, 5, 7, 139, 251, 359
List the prime factors of 1646760757.
1646760757
What are the prime factors of 16961820?
2, 3, 5, 282697
What are the prime factors of 120842537?
463, 260999
List the prime factors of 2854225532.
2, 5407, 131969
List the prime factors of 317025913.
53, 107, 55903
What are the prime factors of 4473626060?
2, 5, 167, 1339409
What are the prime factors of 1850266498?
2, 109, 997, 8513
List the prime factors of 6058380996.
2, 3, 673, 250057
What are the prime factors of 1929041005?
5, 385808201
List the prime factors of 1878156899.
29, 103, 127, 4951
List the prime factors of 54242598.
2, 3, 1787, 5059
What are the prime factors of 3550117618?
2, 89, 19944481
List the prime factors of 245979228.
2, 3, 11, 1863479
What are the prime factors of 175687191?
3, 29, 59, 3803
What are the prime factors of 8160392285?
5, 751, 2173207
What are the prime factors of 2148532618?
2, 149, 7209841
List the prime factors of 20559805.
5, 7, 19, 43, 719
What are the prime factors of 1581841?
43, 36787
List the prime factors of 320745187.
7, 1319, 34739
What are the prime factors of 1511284346?
2, 11, 13, 109, 48479
List the prime factors of 813439938.
2, 3, 31, 4373333
List the prime factors of 9383334062.
2, 4691667031
What are the prime factors of 1037717906?
2, 518858953
What are the prime factors of 385569955?
5, 2437, 31643
What are the prime factors of 37378986?
2, 3, 587, 10613
List the prime factors of 231894684.
2, 3, 7, 306739
List the prime factors of 1117467613.
17, 65733389
What are the prime factors of 1656036?
2, 3, 157, 293
List the prime factors of 50985823.
7, 179, 5813
What are the prime factors of 3896143096?
2, 17, 103, 16361
What are the prime factors of 4801407?
3, 13, 123113
List the prime factors of 105993829.
105993829
List the prime factors of 144862331.
8